{"id":52,"date":"2021-10-05T15:11:14","date_gmt":"2021-10-05T14:11:14","guid":{"rendered":"http:\/\/compeo.pl\/?page_id=52"},"modified":"2021-11-30T16:16:44","modified_gmt":"2021-11-30T15:16:44","slug":"wsparcie-it","status":"publish","type":"page","link":"http:\/\/compeo.pl\/index.php\/wsparcie-it\/","title":{"rendered":"Wsparcie"},"content":{"rendered":"\n<p>Us\u0142ugi wsparcia informatycznego<\/p>\n\n\n\n<ul class=\"wp-block-list\"><li>HelpDesk &#8211; rozwi\u0105zywanie bie\u017c\u0105cych problem\u00f3w informatycznych, monitorowany proces ich zg\u0142aszania i realizacji.<\/li><\/ul>\n\n\n\n<ul class=\"wp-block-list\"><li>Backup Danych &#8211; zapewnienie bezpiecze\u0144stwa danych poprzez wyb\u00f3r odpowiednich rozwi\u0105za\u0144, ich wdro\u017cenie oraz nadzorowanie.<br><\/li><li>Us\u0142ugi hostingowe &#8211; miejsce na Twoj\u0105 stron\u0119 internetow\u0105 oraz poczt\u0119<br><\/li><li>Sieci komputerowe &#8211; budowa, rozbudowa i modernizacja sieci LAN, WAN, WLAN<br><br>Test szybko\u015bci \u0142\u0105cza internetowego &#8211; <a rel=\"noreferrer noopener\" href=\"https:\/\/www.speedtest.net\/pl\" data-type=\"URL\" data-id=\"https:\/\/www.speedtest.net\/pl\" target=\"_blank\">SpeedTest.net<\/a><\/li><\/ul>\n\n\n\n<div class=\"wp-block-columns is-layout-flex wp-container-core-columns-is-layout-1 wp-block-columns-is-layout-flex\">\n<div class=\"wp-block-column is-layout-flow wp-block-column-is-layout-flow\" style=\"flex-basis:100%\">\n<figure class=\"wp-block-table is-style-stripes\"><table><tbody><tr><td class=\"has-text-align-left\" data-align=\"left\">TeamViewer &#8211;<a rel=\"noreferrer noopener\" href=\"https:\/\/download.teamviewer.com\/download\/TeamViewerQS.exe\" target=\"_blank\"> pobierz<\/a><\/td><\/tr><tr><td class=\"has-text-align-left\" data-align=\"left\"> DWService &#8211; <a rel=\"noreferrer noopener\" href=\"https:\/\/www.dwservice.net\/pl\/download.html\" data-type=\"URL\" data-id=\"https:\/\/www.dwservice.net\/pl\/download.html\" target=\"_blank\">pobierz<\/a> <\/td><\/tr><\/tbody><\/table><\/figure>\n\n\n\n<p><\/p>\n<\/div>\n<\/div>\n\n\n\n<p><\/p>\n","protected":false},"excerpt":{"rendered":"<p>Us\u0142ugi wsparcia informatycznego HelpDesk &#8211; rozwi\u0105zywanie bie\u017c\u0105cych problem\u00f3w informatycznych, monitorowany proces ich zg\u0142aszania i realizacji. Backup Danych &#8211; zapewnienie bezpiecze\u0144stwa danych poprzez [&hellip;]<\/p>\n","protected":false},"author":3,"featured_media":0,"parent":0,"menu_order":0,"comment_status":"closed","ping_status":"closed","template":"","meta":{"footnotes":""},"class_list":["post-52","page","type-page","status-publish","hentry"],"_links":{"self":[{"href":"http:\/\/compeo.pl\/index.php\/wp-json\/wp\/v2\/pages\/52","targetHints":{"allow":["GET"]}}],"collection":[{"href":"http:\/\/compeo.pl\/index.php\/wp-json\/wp\/v2\/pages"}],"about":[{"href":"http:\/\/compeo.pl\/index.php\/wp-json\/wp\/v2\/types\/page"}],"author":[{"embeddable":true,"href":"http:\/\/compeo.pl\/index.php\/wp-json\/wp\/v2\/users\/3"}],"replies":[{"embeddable":true,"href":"http:\/\/compeo.pl\/index.php\/wp-json\/wp\/v2\/comments?post=52"}],"version-history":[{"count":13,"href":"http:\/\/compeo.pl\/index.php\/wp-json\/wp\/v2\/pages\/52\/revisions"}],"predecessor-version":[{"id":90,"href":"http:\/\/compeo.pl\/index.php\/wp-json\/wp\/v2\/pages\/52\/revisions\/90"}],"wp:attachment":[{"href":"http:\/\/compeo.pl\/index.php\/wp-json\/wp\/v2\/media?parent=52"}],"curies":[{"name":"wp","href":"https:\/\/api.w.org\/{rel}","templated":true}]}}